 2). Let u = o - 72. What is the highest common factor of 10 and u?
10
Let a(z) = -z - 10. Let x be a(0). Let f = -2 - x. What is the highest common divisor of 2 and f?
2
Suppose -2*w - 2*w - 144 = 0. Let i be (-160)/3*w/16. Calculate the highest common factor of i and 48.
24
Let u(j) = -16*j + 2. Let o be u(-3). Suppose -4*i - q = 4*q - o, -q = -i + 8. What is the greatest common divisor of i and 110?
10
Suppose -20 - 300 = -5*j. Suppose -5*n = -n - j. What is the greatest common factor of 2 and n?
2
Let w(c) = -12*c + 4. Let p be w(-3). Let r(z) = z**2 + 35*z + 134. Let v be r(-31). What is the highest common divisor of v and p?
10
Let x be (96 + 0)/((-15)/(-10)). Let c = 15 - 7. Calculate the highest common divisor of x and c.
8
Suppose -4*h + 2*h + 40 = 0. Calculate the highest common divisor of h and 20.
20
Let n(k) = 5*k + 1. Let y be n(9). Suppose -718 = -6*x - y. What is the highest common factor of 14 and x?
14
Suppose 40 = f - 26. What is the highest common factor of 6 and f?
6
Let l = 39 - 27. Let r = 38 + 136. Suppose 4*n - r = 354. Calculate the highest common factor of l and n.
12
Let n(y) = y**2 - 8*y + 2. Let m be n(8). Let s = -117 - -173. Suppose 0*l = -m*l + s. What is the greatest common factor of 42 and l?
14
Let l(f) = -f**2 - 6*f + 5. Let z be l(-6). Suppose 0 = -z*u - 2*x + 5, 2*u - 32 = -2*u + 4*x. Calculate the greatest common divisor of u and 21.
3
Let o be -8*(-3)/(-12)*-39. Let v = -54 + o. Calculate the highest common factor of v and 192.
24
Let i = -1 + 9. Let z = 26 - i. Calculate the highest common divisor of 144 and z.
18
Let j = 53 - 17. Let a be 3/(-2)*6*5. Let u = -21 - a. What is the greatest common divisor of u and j?
12
Let o(m) = 17*m - 4. Let p be o(1). What is the greatest common factor of 1 and p?
1
Suppose 7*q = 5*q + 44. What is the highest common divisor of q and 55?
11
Let z(h) = -h**2 + 9*h + 2. Let x be z(7). Let u(r) = 38*r + 4. Let n be u(2). Calculate the highest common factor of x and n.
16
Suppose 0 = -5*k - 15, -452 = -4*v - v + 4*k. Calculate the greatest common divisor of v and 8.
8
Let n(h) = 5*h**3 + 2*h**2 + 4*h. Suppose 13 - 34 = -7*k. Let y be n(k). What is the greatest common factor of y and 15?
15
Let n(x) = x**3 - 6*x**2 - 5*x + 2. Let g be n(7). Let t(a) = 2*a**2 + 5*a + 8. Let k be t(-8). Calculate the greatest common factor of g and k.
16
Let k be (-1)/(-4) - (-550)/40. What is the greatest common divisor of k and 14?
14
Let c = 395 + -252. What is the greatest common factor of c and 13?
13
Let w(b) = b**2 - 8. Let n be w(-6). Let j be 2/1 - n/(-1). Calculate the highest common divisor of j and 15.
15
Let i be 15/2*(-4)/(-5). Let v(d) = 2*d**2 + 13*d - 1. Let l be v(-7). Calculate the greatest common factor of i and l.
6
Let d = -68 - -75. What is the highest common factor of d and 56?
7
Let i(j) = 2*j**2 + 12*j - 18. Let f be i(-8). What is the greatest common factor of f and 35?
7
Let f be (-10)/(-4)*(-240)/(-50). Let p = 31 + -19. What is the highest common factor of f and p?
12
Let l = -6 - -10. Suppose -3*f + 3*u + 66 = -0*u, -3*f = -l*u - 71. Calculate the greatest common factor of 102 and f.
17
Suppose 3*b + 3 = -9. Let x be ((-1)/(-1))/((-2)/b). What is the greatest common divisor of x and 2?
2
Let g(p) = 2*p**2 + 4*p - 3. Let r be g(-4). Suppose -4*d + 104 = -0*d. Calculate the highest common divisor of r and d.
13
Suppose -2*x + 4 = 2. Let a = x - -2. Calculate the highest common factor of 9 and a.
3
Suppose 77 = a + 4*s - 10, -8 = 4*s. Let b be -1 + 0 + 20*1. What is the highest common factor of b and a?
19
Suppose -5*w - 21 = 14. Let y = 2 - w. What is the greatest common divisor of y and 36?
9
Let r be -3*3/6*-2. Suppose -2*v - 1 = -r. Let i(a) = 7*a**3 + a. Let m be i(v). Calculate the highest common divisor of m and 32.
8
Suppose -n - 2*j - 22 = -690, 3*n - 3*j = 2031. Let z = -479 - -3. Let p = n + z. Calculate the greatest common factor of p and 18.
18
Let d(l) = -11*l - 29. Let y be d(-4). What is the highest common divisor of 10 and y?
5
Suppose 0 = 2*o + 5*v - 0*v + 7, 25 = -5*v. Let m be (o/(-6) - 0)*-4. Let y(d) = -5*d - 3. Let l be y(-3). What is the highest common divisor of l and m?
6
Let d be ((-1)/(-2))/((-5)/(-130)). Suppose m = l + 67, 5*m = 3*l - d + 342. Calculate the greatest common factor of m and 16.
16
Let m(a) = -a**2 - 2*a + 3. Let n be m(-4). Let h be 186/15 - (-2)/n. Let y be (12/10)/(7/140). Calculate the greatest common divisor of y and h.
12
Let s = -2 + -2. Let l be 20/(-5)*13/s. What is the highest common divisor of 13 and l?
13
Let h be 24*(-30)/9*6/(-8). Calculate the highest common divisor of h and 20.
20
Suppose 0 = 5*y + 4*w - 158, y = -2*y + w + 88. Suppose 0 = 3*j + 4 - 16. Suppose j*m - 3*d = 297, -d + 4 = 3. What is the highest common factor of m and y?
15
Let s = 6 - 3. Calculate the highest common divisor of s and 3.
3
Let x be 4 + -2 - (-18)/(-2). Let w = 24 + x. Suppose -m + 3*m = 68. What is the highest common divisor of w and m?
17
Suppose -a + 110 = 2*j, -j - a = -5*a - 64. What is the highest common factor of 84 and j?
28
Suppose -6*i = -2*i + 12. Let q(j) = -4*j + 3. Let p be q(i). Calculate the highest common factor of 15 and p.
15
Let v = 8 - 5. Suppose 0 = -l + 3*y + 16, v*y - 52 = -2*l - y. Let o = 0 - -2. Calculate the highest common factor of o and l.
2
Let n(v) = -14*v. Let l be n(-1). Let u = -214 - -326. What is the highest common divisor of u and l?
14
Let s(i) = -7*i - 8. Let c be s(-8). Suppose -4*b + 3*y + 18 = -38, 12 = 3*y. Let f = -11 + b. What is the highest common divisor of c and f?
6
Suppose -45*i = -48*i + 12. What is the greatest common divisor of i and 20?
4
Let r(y) = -y**2 - 14*y + 14. Let w be r(-13). What is the greatest common factor of w and 135?
27
Suppose -p - 3*p + 256 = 0. Let j(r) = -r**3 - 6*r**2 + 5*r - 8. Let s be j(-8). Suppose -2*d - 3*d = -s. Calculate the highest common divisor of p and d.
16
Suppose -2*k + 0*k + 30 = 2*q, q + 33 = 3*k. Calculate the greatest common factor of 36 and k.
12
Suppose -5 = 3*t - 23. What is the highest common divisor of 3 and t?
3
Let s(t) be the first derivative of 153*t**4/4 - t**3/3 + t**2/2 - t - 2. Let g be s(1). What is the highest common factor of g and 19?
19
Let t(l) = l**2 - l. Let m be t(1). Suppose 0 = -5*d - m*d + 105. Calculate the greatest common divisor of d and 168.
21
Suppose 73 = 5*y + 28. Calculate the highest common divisor of 72 and y.
9
Let h(t) = -t + 7. Let j be h(5). Calculate the greatest common divisor of j and 18.
2
Let m be (-1)/((-2)/(-9)*(-5)/10). What is the highest common factor of m and 99?
9
Let r be 2 + 2/(6/9). Suppose 0 = 3*d - 19 - 56. What is the greatest common divisor of r and d?
5
Suppose -m - 5*h + 27 = 0, -2*m + 29 = m + 2*h. Suppose 3*q = -6, -2*l - m = -3*q - 23. Calculate the greatest common divisor of 25 and l.
5
Let w(j) = j**3 + 4*j**2 + j + 4. Let c be w(-4). Let o be ((-105)/6 + c)*2. Let q = 65 + o. What is the highest common divisor of 10 and q?
10
Let u = 35 - 9. What is the greatest common factor of 104 and u?
26
Suppose 7 - 43 = -2*i + 3*c, 4*c = 5*i - 76. Calculate the highest common factor of 2 and i.
2
Let l be (-15)/6*(1 - 3). Suppose -118 = l*a + 152. Let d be a/(-4)*(-16)/(-12). Calculate the highest common factor of d and 2.
2
Let x be 3/(-2) - (-15)/2. Calculate the greatest common divisor of x and 9.
3
Let g be (3 + 1)*5 + -1. Let q(n) = 24*n**3 + 2*n**2 - 1. Let h be q(1). Let y = 13 + h. Calculate the greatest common factor of y and g.
19
Let m(x) = 7*x**2 + x**3 - 2*x**3 - x**3 + 2 + 9*x + x**3. Let t be m(8). Calculate the greatest common divisor of t and 4.
2
Suppose 32 = 3*f + f. Let k(g) = 5*g**3 - g**2 - g + 1. Let m be k(1). What is the highest common factor of m and f?
4
Suppose 7*o - 3*o + 4*s - 44 = 0, -43 = -5*o + s. Calculate the highest common factor of 45 and o.
9
Let y be (-2 + 2)*2/(-4). Suppose -4*k - 3 + 27 = y. Suppose -t + 5*t - 72 = 0. Calculate the highest common factor of t and k.
6
Let y = 9 + -5. What is the highest common divisor of y and 1?
1
Let p(s) be the third derivative of s**6/120 - 13*s**5/60 + 11*s**4/24 + 7*s**3/3 + 2*s**2. Let g be p(12). Calculate the highest common divisor of g and 6.
2
Let b = -26 + 71. Let s = 21 + -13. Suppose d + 